100496?
2, 11, 571
What are the prime factors of 11014349?
83, 131, 1013
List the prime factors of 576382.
2, 288191
What are the prime factors of 212481?
3, 23609
What are the prime factors of 5652698?
2, 547, 5167
List the prime factors of 1111634.
2, 677, 821
What are the prime factors of 121233?
3, 7, 23, 251
What are the prime factors of 255590?
2, 5, 61, 419
List the prime factors of 10985069.
113, 97213
List the prime factors of 9905.
5, 7, 283
What are the prime factors of 81428?
2, 20357
List the prime factors of 31018717.
31018717
What are the prime factors of 10979909?
17, 645877
List the prime factors of 117278.
2, 7, 8377
List the prime factors of 2079511.
7, 31, 37
What are the prime factors of 2582286?
2, 3, 7, 61483
What are the prime factors of 95455?
5, 17, 1123
List the prime factors of 52704.
2, 3, 61
What are the prime factors of 29668?
2, 7417
List the prime factors of 177909.
3, 31, 1913
List the prime factors of 2686327.
7, 73, 751
What are the prime factors of 858406?
2, 23, 18661
What are the prime factors of 698017?
698017
List the prime factors of 5843738.
2, 2921869
What are the prime factors of 4706039?
13, 362003
What are the prime factors of 11854329?
3, 3951443
What are the prime factors of 4986806?
2, 11, 83, 2731
What are the prime factors of 28440?
2, 3, 5, 79
List the prime factors of 620444.
2, 11, 59, 239
List the prime factors of 9526820.
2, 5, 503, 947
List the prime factors of 1229774.
2, 7, 13, 29, 233
What are the prime factors of 146561?
113, 1297
List the prime factors of 198315.
3, 5, 13, 113
List the prime factors of 561936.
2, 3, 23, 509
What are the prime factors of 852677?
7, 41, 2971
What are the prime factors of 881612?
2, 220403
What are the prime factors of 6896280?
2, 3, 5, 101, 569
What are the prime factors of 4455702?
2, 3, 109, 757
What are the prime factors of 2755041?
3, 918347
What are the prime factors of 999116?
2, 249779
List the prime factors of 171580.
2, 5, 23, 373
What are the prime factors of 4225560?
2, 3, 5, 23, 1531
List the prime factors of 6698252.
2, 11, 41, 47, 79
List the prime factors of 1659182.
2, 7, 31, 3823
List the prime factors of 1426043.
1426043
List the prime factors of 497657.
107, 4651
List the prime factors of 645984.
2, 3, 2243
List the prime factors of 23995357.
23995357
List the prime factors of 603113.
7, 29, 2971
List the prime factors of 30445.
5, 6089
What are the prime factors of 1711718?
2, 239, 3581
List the prime factors of 586832.
2, 36677
List the prime factors of 770624.
2, 12041
What are the prime factors of 1455217?
17, 85601
List the prime factors of 688380.
2, 3, 5, 7, 11, 149
List the prime factors of 7389483.
3, 2463161
What are the prime factors of 1827620?
2, 5, 91381
List the prime factors of 985311.
3, 36493
List the prime factors of 14172354.
2, 3, 7, 37493
What are the prime factors of 167099?
167099
What are the prime factors of 32432962?
2, 19, 29, 1549
List the prime factors of 180549.
3, 743
List the prime factors of 4052258.
2, 7, 31, 9337
List the prime factors of 9571.
17, 563
List the prime factors of 1608522.
2, 3, 227, 1181
List the prime factors of 102647.
102647
What are the prime factors of 6237731?
229, 27239
List the prime factors of 30262.
2, 15131
List the prime factors of 528237.
3, 58693
List the prime factors of 4929082.
2, 17, 144973
List the prime factors of 4779013.
19, 251527
List the prime factors of 2387980.
2, 5, 7, 37, 461
List the prime factors of 1430534.
2, 7, 102181
List the prime factors of 50644.
2, 11, 1151
What are the prime factors of 1569198?
2, 3, 23, 83, 137
What are the prime factors of 1676512?
2, 52391
List the prime factors of 3180607.
1033, 3079
What are the prime factors of 4758981?
3, 1586327
List the prime factors of 7340173.
139, 52807
What are the prime factors of 232837?
11, 61, 347
What are the prime factors of 9268?
2, 7, 331
What are the prime factors of 208111?
208111
List the prime factors of 296045.
5, 59209
What are the prime factors of 352242?
2, 3, 11, 593
What are the prime factors of 211905?
3, 5, 17, 277
What are the prime factors of 4133000?
2, 5, 4133
List the prime factors of 7454.
2, 3727
What are the prime factors of 7456944?
2, 3, 11, 29, 487
List the prime factors of 188513.
13, 17, 853
What are the prime factors of 600493?
491, 1223
List the prime factors of 657924.
2, 3, 109, 503
What are the prime factors of 5761248?
2, 3, 60013
What are the prime factors of 76168?
2, 9521
What are the prime factors of 3954701?
29, 31, 53, 83
List the prime factors of 300803.
233, 1291
List the prime factors of 354853.
73, 4861
List the prime factors of 2283389.
17, 7901
List the prime factors of 5478369.
3, 13, 17, 8263
What are the prime factors of 1221775?
5, 48871
What are the prime factors of 578346?
2, 3, 41, 2351
List the prime factors of 1179956.
2, 294989
List the prime factors of 897819.
3, 13, 23021
List the prime factors of 125320.
2, 5, 13, 241
What are the prime factors of 1879588?
2, 17, 131, 211
What are the prime factors of 6656057?
1627, 4091
List the prime factors of 1279396.
2, 319849
List the prime factors of 42535850.
2, 5, 7, 121531
What are the prime factors of 1143329?
11, 859
List the prime factors of 3798956.
2, 7, 17, 23, 347
What are the prime factors of 61731?
3, 19
List the prime factors of 583733.
583733
What are the prime factors of 193358?
2, 11, 17, 47
List the prime factors of 4693512.
2, 3, 269, 727
List the prime factors of 8971525.
5, 358861
What are the prime factors of 858906?
2, 3, 47717
List the prime factors of 1197043.
47, 25469
List the prime factors of 373145.
5, 37, 2017
List the prime factors of 289043.
29, 9967
What are the prime factors of 26909665?
5, 547, 9839
List the prime factors of 6040795.
5, 1208159
What are the prime factors of 46014?
2, 3, 7669
What are the prime factors of 356209?
7, 151, 337
List the prime factors of 13523427.
3, 53, 28351
List the prime factors of 13979843.
13979843
List the prime factors of 659307.
3, 11, 19979
List the prime factors of 3726274.
2, 109, 17093
List the prime factors of 4654518.
2, 3, 11, 109, 647
List the prime factors of 270051.
3, 90017
List the prime factors of 272820.
2, 3, 5, 4547
What are the prime factors of 3922524?
2, 3, 108959
List the prime factors of 5356590.
2, 3, 5, 29, 47, 131
List the prime factors of 76181.
7, 10883
What are the prime factors of 675752?
2, 7, 11, 1097
List the prime factors of 1026393.
3, 342131
What are the prime factors of 15147395?
5, 43, 47, 1499
List the prime factors of 185146.
2, 13, 7121
List the prime factors of 1838721.
3, 109, 5623
List the prime factors of 3776131.
43, 137, 641
List the prime factors of 37722.
2, 3, 6287
List the prime factors of 10610287.
139, 76333
List the prime factors of 1901850.
2, 3, 5, 31, 409
What are the prime factors of 2970052?
2, 742513
List the prime factors of 650399.
263, 2473
What are the prime factors of 7809092?
2, 911, 2143
What are the prime factors of 244596?
2, 3, 11, 17, 109
List the prime factors of 1831891.
59, 61, 509
What are the prime factors of 578788?
2, 7, 2953
What are the prime factors of 12284411?
12284411
List the prime factors of 14489564.
2, 41, 53, 1667
List the prime factors of 373879.
11, 41, 829
What are the prime factors of 532010?
2, 5, 53201
List the prime factors of 5425158.
2, 3, 904193
List the prime factors of 1657508.
2, 31, 13367
List the prime factors of 288795.
3, 5, 13, 1481
List the prime factors of 126443.
126443
What are the prime factors of 631760?
2, 5, 53, 149
What are the prime factors of 1397924?
2, 11, 31771
List the prime factors of 25566824.
2, 59, 54167
List the prime factors of 141979.
23, 6173
What are the prime factors of 2655267?
3, 719, 1231
What are the prime factors of 2079779?
13, 157, 1019
What are the prime factors of 666870?
2, 3, 5, 22229
What are the prime factors of 243780?
2, 3, 5, 17, 239
What are the prime factors of 2233262?
2, 1116631
List the prime factors of 298624.
2, 2333
What are the prime factors of 561876?
2, 3, 7, 6689
What are the prime factors of 235008?
2, 3, 17
List the prime factors of 93203.
11, 37, 229
What are the prime factors of 217891?
109, 1999
What are the prime factors of 274730?
2, 5, 83, 331
List the pr